 Let w = 31 + j. What is the hundreds digit of w?
3
Let v(i) = -26630*i + 4. Let p be v(2). Let q be 1/((-10)/(-6)) + p/(-40). Suppose -4*l = 2*l - q. What is the tens digit of l?
2
Suppose -42 + 39 = -a. What is the hundreds digit of 25039/28 - a/12?
8
What is the hundreds digit of ((-1320)/16)/(9/(-4800))?
0
Suppose 4*o = 3*w - o - 57512, -76696 = -4*w + 4*o. What is the hundreds digit of w?
1
Let h = 45 - -60. Suppose 3*z = 6*z - h. Let p = z - -3. What is the units digit of p?
8
Let k(m) be the third derivative of -m**6/40 - 3*m**5/20 - 5*m**4/8 + 5*m**3/6 - m**2 - 8. What is the units digit of k(-5)?
0
Suppose 230 = -3*n - 2*k + 7, 3*n = 3*k - 228. Let a = 9 - 115. Let s = n - a. What is the tens digit of s?
3
Let o = 15 + 5. Suppose 4*r + o = 3*r. Let a = r - -27. What is the units digit of a?
7
Let k(z) = 2*z - 162. Let s(v) = 3*v - 242. Let o(j) = 7*k(j) - 5*s(j). What is the units digit of o(-23)?
9
Suppose -82 = 5*v + 28. Let z be 3/((-9)/(-24)) + 42 + -1. Let k = z - v. What is the tens digit of k?
7
Let s be (84/(-30))/(-1 + (-16)/(-15)). Let d be 3/7 + (-192)/s. Suppose 4*v = -4*t + 624, -d*t = -5*v + v + 597. What is the hundreds digit of v?
1
Suppose 0 = -102*u + 108*u - 40998. What is the units digit of u?
3
What is the units digit of ((-21)/15)/(-7)*925?
5
Suppose 5*n - 33073 = -v, 75*n - 66119 = -2*v + 74*n. What is the thousands digit of v?
3
Let j(f) = -44*f - 108. Let t be j(-9). Let z = t + 102. What is the tens digit of z?
9
Let q(d) = d**2 - 11. Let j be q(-6). Let i = 21 - j. What is the units digit of (-208)/(-20) + i/10?
0
Suppose -70935 + 138529 = 2*f. What is the ten thousands digit of f?
3
Let i be 100/(-30)*-3*4/10. Let b(g) = 96*g + 11. What is the hundreds digit of b(i)?
3
What is the thousands digit of 4039 - (4/14)/((-40)/280)?
4
Suppose 3*q + 37*l - 33*l - 68526 = 0, -2*l - 22862 = -q. What is the units digit of q?
0
Let l(k) = 200*k**2 - 61*k + 83. What is the units digit of l(-8)?
1
Let h(l) = 31*l - 94. Let o be h(10). Let z = o + 71. What is the units digit of z?
7
Suppose x + 3*z + 0 - 6 = 0, -3*z + 90 = 5*x. What is the thousands digit of 655*x/175*15?
1
Let q be (-60)/(-200) - (-6)/(-20). Suppose 4*r = 19*g - 17*g - 438, q = -3*g - 5*r + 624. What is the tens digit of g?
1
Let l(k) = 3*k**2 + 30*k + 50. Let f be l(-8). Suppose -3*x = 3*g - 4782, -4*x + f*x - 4*g + 3178 = 0. What is the hundreds digit of x?
5
Let w = -6151 + 8754. What is the units digit of w?
3
Suppose 32802 = -2354*f + 2396*f. What is the units digit of f?
1
Let j(u) = u - 3. Let a be j(-7). Let f(s) = -2*s**3 - 12*s**2 - 3*s + 6. Let q be f(a). What is the units digit of q/10 + (-68)/(-170)?
4
Suppose 10*w + 107 = -793. Let b be w*2*2/(-8). What is the tens digit of -6*6/b*5 - -66?
6
Suppose -2*l = -15*l - 1508. What is the hundreds digit of 0 + 254 - -1 - (l - -117)?
2
Let y(o) = -3*o**2 + 19*o + 9. Let d be y(6). What is the hundreds digit of 18/(-7)*((-5105)/d + -5)?
8
Let c(u) = 2514*u**2 + u - 2. What is the units digit of c(-2)?
2
Suppose -25 + 19 = -p. Suppose -p*s + 1343 = -487. What is the tens digit of s?
0
Suppose 7*x + 12 = 4*h + 6*x, 0 = h - 3*x + 8. Suppose -3275 = -h*v - 43. What is the hundreds digit of v?
8
Suppose 7*v - 27658 = 32052. What is the tens digit of v?
3
Let w be -6*(-6)/36 + 448. Let m = -122 + w. What is the hundreds digit of m?
3
Let p(g) = 230*g**3 - 11*g**2 - 32*g + 126. What is the hundreds digit of p(5)?
4
Suppose -46*z + 2*x = -50*z + 25090, 31349 = 5*z - 2*x. What is the thousands digit of z?
6
Let g = 5 - 7. Let b(v) be the first derivative of -7*v**4 - 5*v**2/2 - 3*v - 212. What is the tens digit of b(g)?
3
Let w = -59 - -10. Let t = w + 44. What is the units digit of t + (-165)/(-12) - 1/(-4)?
9
Suppose -q + 5 = -5*m, 0*q - 3*q + 15 = 0. Suppose m = -4*h - 4 + 12. Suppose 2*j - 87 = -2*o + 55, -4*o + 132 = h*j. What is the units digit of j?
6
Let w(v) = -2 - 5*v**2 + 1 + 9*v**2 - 1. Let k be w(3). Suppose -6*h = -5*h - k. What is the tens digit of h?
3
What is the tens digit of -2 + (-981*1/(-39) - 6/39)?
2
What is the units digit of ((-4)/11 + (-90573)/33)*1/(-3)?
5
Suppose -4*z = -10 - 50. Let n(j) = 14*j + 21. Let h be n(z). Suppose r = -4*a + h, 5*r = r + a + 873. What is the units digit of r?
9
Suppose -9*q = -8986 - 15629. What is the hundreds digit of q?
7
Let x(v) = -2*v**2 + 42*v - 17. Let q(m) = m**2 - 1. Let p(o) = 5*q(o) + x(o). Let f = 28 - 46. What is the hundreds digit of p(f)?
1
Suppose -585*i - 11886 = -587*i + y, 4*i - 4*y - 23772 = 0. What is the tens digit of i?
4
Suppose -3*y + 2*x = -1117, y = -3*x + 376 + 11. Let v = y + 182. What is the units digit of v?
7
Let x(u) = 4*u - 4 - 3 - 5. Let y = 226 + -204. What is the tens digit of x(y)?
7
Let x = 182 + 13. Suppose 78 = 2*j + 32*j + 5*j. Suppose -j*r + x = r. What is the units digit of r?
5
Suppose -12*c - 41 = -17. Let i(y) = 46*y**2 + 2*y + 1. What is the hundreds digit of i(c)?
1
Let p = -18 - -21. Suppose p*k = -61 + 448. What is the tens digit of k?
2
Suppose 193*j - 122937 = 150*j. What is the hundreds digit of j?
8
Suppose -2111 = 5*i + 794. Let x = 940 + i. What is the hundreds digit of x?
3
What is the tens digit of (-39025)/(-25) - -1*2 - -8?
7
Let g(l) = 6*l - 7 - 30 - 30. What is the units digit of g(14)?
7
Suppose -2*y + 55 = -15. Suppose p = 2*k - y, 5*p = k + 4*k - 95. Let u = k + 68. What is the units digit of u?
4
Let m(z) = -9*z - 79. Let g = 204 + -226. What is the hundreds digit of m(g)?
1
What is the thousands digit of (-250592)/(-984)*(-1 + (-418)/(-4))?
6
Let u(m) = m**3 + 18*m**2 + 18*m + 8. Let i = -239 + 230. What is the hundreds digit of u(i)?
5
What is the hundreds digit of 8481 + (-18)/(-18)*13?
4
What is the units digit of 26/(-52) + (-2 - (-45665)/10)?
4
Let f(y) = 6*y + 218. Let p be f(0). Suppose -5*s - 25 = 0, -s + p = 5*r - 172. What is the tens digit of r?
7
Let z(j) = j**3 + 5*j**2 - j - 5. Let s(c) = c**2 + 9*c + 8. Let g be s(-7). Let m be z(g). Let h = m + 51. What is the tens digit of h?
1
Let h(n) = -n**3 - 4*n**2 - 2*n + 6. Let d be h(-3). Suppose 3*u + u - 5*c - 257 = 0, -191 = -d*u + 2*c. What is the units digit of u?
3
Suppose 3*g = -4*o - 144 - 623, 0 = -5*o - 5*g - 955. Let l = 963 + o. What is the hundreds digit of l?
7
Let v(r) = 6 + 59*r - 51*r - 12 + 20 + 2*r**2 + 26. What is the tens digit of v(-10)?
6
Let j(z) = -9*z**2 - 849*z - 20. What is the units digit of j(-93)?
6
Let f(s) = 6*s + 2*s - 22*s + 8*s + 260 + 5*s. What is the units digit of f(-44)?
4
Let m(q) = 3*q**2 + 14*q + 76. What is the tens digit of m(-9)?
9
Let c be 8/10 + 44496/80. Let f = 813 - c. What is the hundreds digit of f?
2
Let y = -45752 - -98004. What is the thousands digit of y?
2
Let b(q) = 3*q**2 - 4*q. Suppose 4*i - 10 = -2*v, -4*i + 2*v + 5 = -3*i. Let r be b(i). Let s = r + 3. What is the units digit of s?
8
Let n(p) = 62*p - 43. What is the tens digit of n(2)?
8
Let w(u) = u**2 - 37*u + 12. Let n be w(-17). Suppose n = -49*t + 51*t. What is the hundreds digit of t?
4
Let m(t) = 5*t - 1. Let z be m(1). Let q(y) = -y**3 - 5*y**2 - 94. Let c(d) = -d**3 - 4*d**2 - 94. Let n(g) = z*q(g) - 5*c(g). What is the tens digit of n(0)?
9
Let u be 2/(-1) - (5 + -4)*17. Let v = u - -282. What is the hundreds digit of v?
2
Let b be 1 - (-20)/(-15) - 74/3. Let z be (-4 - (-1 - 4))*3 + b. Let v(p) = -p**3 - 22*p**2 - 10*p - 6. What is the tens digit of v(z)?
1
Let t(a) = -3*a**3 - 4*a - 2*a + 8 - 6*a**2 + 4*a**3. Let r = 299 - 292. What is the tens digit of t(r)?
1
Suppose -s = -5*y + 29854, -3*y = -25*s + 28*s - 17916. What is the thousands digit of y?
5
Suppose 40 = 17*w - 21*w. Let h be 7/(105/9) - (-156)/w. What is the units digit of 20/h*(2 - (-446)/(-4))?
6
Suppose 2*a - 10 = 2*f, -5*f + 3*a - 8 = 9. Let b be (f + -4)/((-3)/18). What is the tens digit of ((-72)/b)/(3/(-45))?
3
Let l(j) = -26*j**2 + j + 5710. What is the hundreds digit of l(0)?
7
Let m(k) = k**2 + 1. Let t(o) = -55*o**3 - o**2 - 2*o - 4. Let q(g) = 2*m(g) + t(g). Let b be q(-2). Suppose b = 10*p + 66. What is the tens digit of p?
3
Suppose -102*x = -144*x - 500319 + 1630203. What is the hundreds digit of x?
9
Let t be -2 - 6*2/(12/(-38)). Suppose -84 = 8*o + t. What is the units digit of (-4)/6 + ((-1435)/o - -4)?
9
Let h = 161803 